{"id":4304,"date":"2025-06-13T09:05:29","date_gmt":"2025-06-13T06:05:29","guid":{"rendered":"https:\/\/www.lauluvaljak.ee\/malestuspingid\/alo-mattiisen\/"},"modified":"2025-09-18T16:23:07","modified_gmt":"2025-09-18T13:23:07","slug":"alo-mattiisen","status":"publish","type":"page","link":"https:\/\/www.lauluvaljak.ee\/en\/malestuspingid\/alo-mattiisen\/","title":{"rendered":"Alo Mattiisen (22. aprill 1961 \u2013 30. mai 1996)"},"content":{"rendered":"<div class=\"ama-block block-txtmedia\"><div class=\"block__body\"><div class=\"body__content\">\n\n<h1 class=\"wp-block-heading wp-el\">Alo Mattiisen<\/h1>\n\n\n\n<p class=\"wp-el\">(22. April 1961 \u2013 30. May 1996)<\/p>\n\n\n\n<p class=\"has-semi-large-font-size wp-el\">Composer and Musician \u2013 Bright Flame of Patriotic Songs.<\/p>\n\n\n\n<p class=\"wp-el\">Alo Mattiisen was a composer, musician, and member of the ensemble In Spe, whose short but intense life and work continue to influence Estonian music. Through his protest and patriotic songs in the years leading up to Estonia\u2019s re-independence, he forever placed himself at the heart of the Singing Revolution.<\/p>\n\n\n\n<p class=\"wp-el\">He began his musical studies at J\u00f5geva Children\u2019s Music School and graduated from the Tallinn State Conservatory in 1984 in music pedagogy under Heino Rannap. In 1988, he completed studies in composition under Professor Eino Tamberg.<\/p>\n\n<\/div><div class=\"body__media\"><div class=\"splide\" data-splide={\"type\":\"fade\",\"pagination\":false}><div class=\"splide__track\"><ul class=\"splide__list\"><li class=\"splide__slide\"><a href=\"https:\/\/www.lauluvaljak.ee\/wp-content\/uploads\/2025\/08\/Alo-Mattiisen-1280x853.jpg\" data-fancybox=\"txtmedia-block_82f4bd8414a0e0dcddec374bca9eac21\"><img decoding=\"async\" width=\"620\" height=\"380\" src=\"https:\/\/www.lauluvaljak.ee\/wp-content\/uploads\/bis-images\/3957\/Alo-Mattiisen-620x380-f50_50.jpg\" class=\"attachment-620x380\" alt=\"Alo Mattiisen\" loading=\"lazy\" \/><\/a><\/li><li class=\"splide__slide\"><a href=\"https:\/\/www.lauluvaljak.ee\/wp-content\/uploads\/2025\/06\/IMG_4002-1280x960.jpg\" data-fancybox=\"txtmedia-block_82f4bd8414a0e0dcddec374bca9eac21\"><img decoding=\"async\" width=\"620\" height=\"380\" src=\"https:\/\/www.lauluvaljak.ee\/wp-content\/uploads\/bis-images\/2973\/IMG_4002-620x380-f50_50.jpg\" class=\"attachment-620x380\" alt=\"IMG_4002\" loading=\"lazy\" \/><\/a><\/li><li class=\"splide__slide\"><a href=\"https:\/\/www.lauluvaljak.ee\/wp-content\/uploads\/2025\/06\/IMG_4003-960x1280.jpg\" data-fancybox=\"txtmedia-block_82f4bd8414a0e0dcddec374bca9eac21\"><img decoding=\"async\" width=\"620\" height=\"380\" src=\"https:\/\/www.lauluvaljak.ee\/wp-content\/uploads\/bis-images\/2949\/IMG_4003-620x380-f50_50.jpg\" class=\"attachment-620x380\" alt=\"IMG_4003\" loading=\"lazy\" \/><\/a><\/li><\/ul><\/div><div class=\"splide__arrows\"><button class=\"splide__arrow splide__arrow--prev\"><svg xmlns=\"http:\/\/www.w3.org\/2000\/svg\" width=\"15\" height=\"11.25\" viewBox=\"0 0 15 11.25\"><path d=\"M-2457.2-3425.987a.754.754,0,0,0,0-1.136l-3.788-3.449h11.1a.847.847,0,0,0,.883-.8.847.847,0,0,0-.883-.8h-11.1l3.787-3.449a.754.754,0,0,0,0-1.136.945.945,0,0,0-1.248,0l-5.293,4.821a.753.753,0,0,0,0,1.137l5.293,4.821a.927.927,0,0,0,.625.236A.927.927,0,0,0-2457.2-3425.987Z\" transform=\"translate(2464.001 3437.001)\" fill=\"currentColor\"\/><\/svg><\/button><button class=\"splide__arrow splide__arrow--next\"><svg xmlns=\"http:\/\/www.w3.org\/2000\/svg\" width=\"15\" height=\"11.25\" viewBox=\"0 0 15 11.25\"><path d=\"M-2455.8-3425.987a.754.754,0,0,1,0-1.136l3.788-3.449h-11.1a.847.847,0,0,1-.883-.8.847.847,0,0,1,.883-.8h11.1l-3.787-3.448a.754.754,0,0,1,0-1.136.945.945,0,0,1,1.248,0l5.293,4.821a.753.753,0,0,1,0,1.137l-5.293,4.821a.927.927,0,0,1-.625.236A.927.927,0,0,1-2455.8-3425.987Z\" transform=\"translate(2464.001 3437.001)\" fill=\"currentColor\"\/><\/svg><\/button><\/div><\/div><\/div><\/div><\/div>\n\n\n<p class=\"wp-el\">In 1983, Alo Mattiisen joined the ensemble In Spe, replacing Erkki-Sven T\u00fc\u00fcr. He worked in the ensemble as a keyboardist and composer until 1993. In addition to his work with the group, he taught music at J\u00f5el\u00e4htme School, worked as a music editor for Estonian Radio and Reklaamitelevisioon, and later pursued a career as a freelance composer.<\/p>\n\n\n\n<p class=\"wp-el\">Mattiisen\u2019s body of work includes nearly 200 compositions across various genres and for diverse ensembles. Much of his multifaceted vocal output, primarily popular songs, features texts by his classmate, poet, and writer J\u00fcri Leesment. His songs have been performed by artists such as Ivo Linna, Henry Laks, Silvi Vrait, Antti Kammiste, Janika Sillamaa, and the ensembles In Spe and J\u00e4\u00e4\u00e4\u00e4r.<\/p>\n\n\n\n<p class=\"wp-el\">Although songs make up the majority of Mattiisen\u2019s output, his repertoire also includes large vocal works (two oratorios, two musicals, a short opera, and a cantata), orchestral compositions, choral music, instrumental works, music for theater and television productions, film scores, and electronic music.<\/p>\n\n\n\n<p class=\"wp-el\">Alo Mattiisen received the Estonian SSR Music Annual Award (1988, 1989) and the Estonian Cultural Endowment Award (1996). Since 1997, Alo Mattiisen Music Days have been held annually in J\u00f5geva in his honor.<\/p>\n\n\n\n<p class=\"wp-el\"><em>A television recording from the 1988 Tartu Music Days, featuring the first performance of five of Alo Mattiisen\u2019s Awakening-period songs, is available in the Estonian Public Broadcasting (ERR) archive.<\/em><\/p>\n\n\n\n<p class=\"wp-el\"><em>The texts have been compiled using materials from Estonian Public Broadcasting (ERR) and the Estonian Music Information Centre (EMIC).<\/em><\/p>\n","protected":false},"excerpt":{"rendered":"<p>In 1983, Alo Mattiisen joined the ensemble In Spe, replacing Erkki-Sven T\u00fc\u00fcr. He worked in the ensemble as a keyboardist&#8230;<\/p>\n","protected":false},"author":1,"featured_media":0,"parent":4300,"menu_order":0,"comment_status":"closed","ping_status":"closed","template":"","meta":{"_acf_changed":false,"inline_featured_image":false,"footnotes":""},"class_list":["post-4304","page","type-page","status-publish","hentry"],"acf":[],"_links":{"self":[{"href":"https:\/\/www.lauluvaljak.ee\/en\/wp-json\/wp\/v2\/pages\/4304","targetHints":{"allow":["GET"]}}],"collection":[{"href":"https:\/\/www.lauluvaljak.ee\/en\/wp-json\/wp\/v2\/pages"}],"about":[{"href":"https:\/\/www.lauluvaljak.ee\/en\/wp-json\/wp\/v2\/types\/page"}],"author":[{"embeddable":true,"href":"https:\/\/www.lauluvaljak.ee\/en\/wp-json\/wp\/v2\/users\/1"}],"replies":[{"embeddable":true,"href":"https:\/\/www.lauluvaljak.ee\/en\/wp-json\/wp\/v2\/comments?post=4304"}],"version-history":[{"count":1,"href":"https:\/\/www.lauluvaljak.ee\/en\/wp-json\/wp\/v2\/pages\/4304\/revisions"}],"predecessor-version":[{"id":5131,"href":"https:\/\/www.lauluvaljak.ee\/en\/wp-json\/wp\/v2\/pages\/4304\/revisions\/5131"}],"up":[{"embeddable":true,"href":"https:\/\/www.lauluvaljak.ee\/en\/wp-json\/wp\/v2\/pages\/4300"}],"wp:attachment":[{"href":"https:\/\/www.lauluvaljak.ee\/en\/wp-json\/wp\/v2\/media?parent=4304"}],"curies":[{"name":"wp","href":"https:\/\/api.w.org\/{rel}","templated":true}]}}

<div class="ama-block block-txtmedia"><div class="block__body"><div class="body__content">

<h1 class="wp-block-heading wp-el">Alo Mattiisen</h1>



<p class="wp-el">(22. April 1961 – 30. May 1996)</p>



<p class="has-semi-large-font-size wp-el">Composer and Musician – Bright Flame of Patriotic Songs.</p>



<p class="wp-el">Alo Mattiisen was a composer, musician, and member of the ensemble In Spe, whose short but intense life and work continue to influence Estonian music. Through his protest and patriotic songs in the years leading up to Estonia’s re-independence, he forever placed himself at the heart of the Singing Revolution.</p>



<p class="wp-el">He began his musical studies at Jõgeva Children’s Music School and graduated from the Tallinn State Conservatory in 1984 in music pedagogy under Heino Rannap. In 1988, he completed studies in composition under Professor Eino Tamberg.</p>

</div><div class="body__media"><div class="splide" data-splide={"type":"fade","pagination":false}><div class="splide__track"><ul class="splide__list"><li class="splide__slide"><a href="https://www.lauluvaljak.ee/wp-content/uploads/2025/08/Alo-Mattiisen-1280x853.jpg" data-fancybox="txtmedia-block_82f4bd8414a0e0dcddec374bca9eac21"><img decoding="async" width="620" height="380" src="https://www.lauluvaljak.ee/wp-content/uploads/bis-images/3957/Alo-Mattiisen-620x380-f50_50.jpg" class="attachment-620x380" alt="Alo Mattiisen" loading="lazy" /></a></li><li class="splide__slide"><a href="https://www.lauluvaljak.ee/wp-content/uploads/2025/06/IMG_4002-1280x960.jpg" data-fancybox="txtmedia-block_82f4bd8414a0e0dcddec374bca9eac21"><img decoding="async" width="620" height="380" src="https://www.lauluvaljak.ee/wp-content/uploads/bis-images/2973/IMG_4002-620x380-f50_50.jpg" class="attachment-620x380" alt="IMG_4002" loading="lazy" /></a></li><li class="splide__slide"><a href="https://www.lauluvaljak.ee/wp-content/uploads/2025/06/IMG_4003-960x1280.jpg" data-fancybox="txtmedia-block_82f4bd8414a0e0dcddec374bca9eac21"><img decoding="async" width="620" height="380" src="https://www.lauluvaljak.ee/wp-content/uploads/bis-images/2949/IMG_4003-620x380-f50_50.jpg" class="attachment-620x380" alt="IMG_4003" loading="lazy" /></a></li></ul></div><div class="splide__arrows"><button class="splide__arrow splide__arrow--prev"><svg xmlns="http://www.w3.org/2000/svg" width="15" height="11.25" viewBox="0 0 15 11.25"><path d="M-2457.2-3425.987a.754.754,0,0,0,0-1.136l-3.788-3.449h11.1a.847.847,0,0,0,.883-.8.847.847,0,0,0-.883-.8h-11.1l3.787-3.449a.754.754,0,0,0,0-1.136.945.945,0,0,0-1.248,0l-5.293,4.821a.753.753,0,0,0,0,1.137l5.293,4.821a.927.927,0,0,0,.625.236A.927.927,0,0,0-2457.2-3425.987Z" transform="translate(2464.001 3437.001)" fill="currentColor"/></svg></button><button class="splide__arrow splide__arrow--next"><svg xmlns="http://www.w3.org/2000/svg" width="15" height="11.25" viewBox="0 0 15 11.25"><path d="M-2455.8-3425.987a.754.754,0,0,1,0-1.136l3.788-3.449h-11.1a.847.847,0,0,1-.883-.8.847.847,0,0,1,.883-.8h11.1l-3.787-3.448a.754.754,0,0,1,0-1.136.945.945,0,0,1,1.248,0l5.293,4.821a.753.753,0,0,1,0,1.137l-5.293,4.821a.927.927,0,0,1-.625.236A.927.927,0,0,1-2455.8-3425.987Z" transform="translate(2464.001 3437.001)" fill="currentColor"/></svg></button></div></div></div></div></div>


<p class="wp-el">In 1983, Alo Mattiisen joined the ensemble In Spe, replacing Erkki-Sven Tüür. He worked in the ensemble as a keyboardist and composer until 1993. In addition to his work with the group, he taught music at Jõelähtme School, worked as a music editor for Estonian Radio and Reklaamitelevisioon, and later pursued a career as a freelance composer.</p>



<p class="wp-el">Mattiisen’s body of work includes nearly 200 compositions across various genres and for diverse ensembles. Much of his multifaceted vocal output, primarily popular songs, features texts by his classmate, poet, and writer Jüri Leesment. His songs have been performed by artists such as Ivo Linna, Henry Laks, Silvi Vrait, Antti Kammiste, Janika Sillamaa, and the ensembles In Spe and Jäääär.</p>



<p class="wp-el">Although songs make up the majority of Mattiisen’s output, his repertoire also includes large vocal works (two oratorios, two musicals, a short opera, and a cantata), orchestral compositions, choral music, instrumental works, music for theater and television productions, film scores, and electronic music.</p>



<p class="wp-el">Alo Mattiisen received the Estonian SSR Music Annual Award (1988, 1989) and the Estonian Cultural Endowment Award (1996). Since 1997, Alo Mattiisen Music Days have been held annually in Jõgeva in his honor.</p>



<p class="wp-el"><em>A television recording from the 1988 Tartu Music Days, featuring the first performance of five of Alo Mattiisen’s Awakening-period songs, is available in the Estonian Public Broadcasting (ERR) archive.</em></p>



<p class="wp-el"><em>The texts have been compiled using materials from Estonian Public Broadcasting (ERR) and the Estonian Music Information Centre (EMIC).</em></p>

<p>In 1983, Alo Mattiisen joined the ensemble In Spe, replacing Erkki-Sven Tüür. He worked in the ensemble as a keyboardist&#8230;</p>
