{"id":4708,"date":"2025-05-29T12:54:43","date_gmt":"2025-05-29T09:54:43","guid":{"rendered":"https:\/\/www.lauluvaljak.ee\/events\/%c3%b5llesummer-20\/"},"modified":"2025-05-29T12:54:43","modified_gmt":"2025-05-29T09:54:43","slug":"%c3%b5llesummer-20","status":"publish","type":"events","link":"https:\/\/www.lauluvaljak.ee\/en\/events\/%c3%b5llesummer-20\/","title":{"rendered":"\u00d5llesummer 20"},"content":{"rendered":"<div class=\"shadowblock shadowblock-sm-expand\">\n<div class=\"aspect-68\"><\/div>\n<\/div>\n<div class=\"shadowblock\">\n<div class=\"ml-col-40 sm-show\">\n<div class=\"eventinfo\">\n<h4 class=\"eventinfo__title text--bold\">Kuup\u00e4ev<\/h4>\n<p class=\"eventinfo__paragraph\">03.07.2013 &#8211; 06.07.2013<\/p>\n<div class=\"spacing-20\"><\/div>\n<\/div>\n<\/div>\n<div class=\"spacing-20 sm-show\"><\/div>\n<p>3.-6-juulil toimub Tallinna Lauluv\u00e4ljakul j\u00e4rjekordne \u00d5llesummer.<\/p>\n<p>Eesti suurim festival \u00d5llesummer t\u00e4histab j\u00e4rgmisel aastal juba<strong> 20. juubelit<\/strong>. Saabuv festival toob lavale tavaks saanud suurejoonelisi eriprojekte Eesti artistidelt ning lubab p\u00f5nevaid \u00fcllatusi ka rahvusvaheliste artistide valikul, kellega juba praegu k\u00e4ivad l\u00e4bir\u00e4\u00e4kimised.<\/p>\n<p>Korraldajad lubavad, et m\u00f5ningad erakordselt edukaks osutunud eriprojektid tuuakse taas lavale \u2013 veel suuremana ja veel paremana.<\/p>\n<p><strong>Piletiinfo:<\/strong><\/p>\n<ul>\n<li>Piletihinnad: 8-25\u20ac<\/li>\n<\/ul>\n<\/div>\n","protected":false},"excerpt":{"rendered":"<p>Kuup\u00e4ev 03.07.2013 &#8211; 06.07.2013 3.-6-juulil toimub Tallinna Lauluv\u00e4ljakul j\u00e4rjekordne \u00d5llesummer. Eesti suurim festival \u00d5llesummer t\u00e4histab j\u00e4rgmisel aastal juba 20. juubelit&#8230;.<\/p>\n","protected":false},"featured_media":0,"template":"","event_cat":[],"class_list":["post-4708","events","type-events","status-publish","hentry"],"acf":[],"_links":{"self":[{"href":"https:\/\/www.lauluvaljak.ee\/en\/wp-json\/wp\/v2\/events\/4708","targetHints":{"allow":["GET"]}}],"collection":[{"href":"https:\/\/www.lauluvaljak.ee\/en\/wp-json\/wp\/v2\/events"}],"about":[{"href":"https:\/\/www.lauluvaljak.ee\/en\/wp-json\/wp\/v2\/types\/events"}],"version-history":[{"count":0,"href":"https:\/\/www.lauluvaljak.ee\/en\/wp-json\/wp\/v2\/events\/4708\/revisions"}],"wp:attachment":[{"href":"https:\/\/www.lauluvaljak.ee\/en\/wp-json\/wp\/v2\/media?parent=4708"}],"wp:term":[{"taxonomy":"event_cat","embeddable":true,"href":"https:\/\/www.lauluvaljak.ee\/en\/wp-json\/wp\/v2\/event_cat?post=4708"}],"curies":[{"name":"wp","href":"https:\/\/api.w.org\/{rel}","templated":true}]}}

Õllesummer 20

<div class="shadowblock shadowblock-sm-expand">
<div class="aspect-68"></div>
</div>
<div class="shadowblock">
<div class="ml-col-40 sm-show">
<div class="eventinfo">
<h4 class="eventinfo__title text--bold">Kuupäev</h4>
<p class="eventinfo__paragraph">03.07.2013 &#8211; 06.07.2013</p>
<div class="spacing-20"></div>
</div>
</div>
<div class="spacing-20 sm-show"></div>
<p>3.-6-juulil toimub Tallinna Lauluväljakul järjekordne Õllesummer.</p>
<p>Eesti suurim festival Õllesummer tähistab järgmisel aastal juba<strong> 20. juubelit</strong>. Saabuv festival toob lavale tavaks saanud suurejoonelisi eriprojekte Eesti artistidelt ning lubab põnevaid üllatusi ka rahvusvaheliste artistide valikul, kellega juba praegu käivad läbirääkimised.</p>
<p>Korraldajad lubavad, et mõningad erakordselt edukaks osutunud eriprojektid tuuakse taas lavale – veel suuremana ja veel paremana.</p>
<p><strong>Piletiinfo:</strong></p>
<ul>
<li>Piletihinnad: 8-25€</li>
</ul>
</div>

<p>Kuupäev 03.07.2013 &#8211; 06.07.2013 3.-6-juulil toimub Tallinna Lauluväljakul järjekordne Õllesummer. Eesti suurim festival Õllesummer tähistab järgmisel aastal juba 20. juubelit&#8230;.</p>
