{"id":4698,"date":"2025-05-29T12:54:48","date_gmt":"2025-05-29T09:54:48","guid":{"rendered":"https:\/\/www.lauluvaljak.ee\/events\/jumala-aeg\/"},"modified":"2025-05-29T12:54:48","modified_gmt":"2025-05-29T09:54:48","slug":"jumala-aeg","status":"publish","type":"events","link":"https:\/\/www.lauluvaljak.ee\/en\/events\/jumala-aeg\/","title":{"rendered":"Jumala aeg"},"content":{"rendered":"<div class=\"shadowblock shadowblock-sm-expand\">\n<div class=\"aspect-68\"><\/div>\n<\/div>\n<div class=\"shadowblock\">\n<div class=\"ml-col-40 sm-show\">\n<div class=\"eventinfo\">\n<h4 class=\"eventinfo__title text--bold\">Kuup\u00e4ev<\/h4>\n<p class=\"eventinfo__paragraph\">08.11.2014 &#8211; 09.11.2014<\/p>\n<div class=\"spacing-20\"><\/div>\n<\/div>\n<\/div>\n<div class=\"spacing-20 sm-show\"><\/div>\n<p>8-9.11.2014 toimub Tallinna Lauluv\u00e4ljaku Klaassaalis konverents &#8220;Jumala aeg&#8221;<\/p>\n<p>K\u00f5nelevad evangelist\u00a0<strong>David Herzog<\/strong>\u00a0ja TV7 tegevdirektor\u00a0<strong>Martti Ojares.<\/strong><br \/>\nMuusikat teeb\u00a0<strong>Jani Pellikka B\u00e4nd.<\/strong><br \/>\nEvangeliseerimiskoolitus\u00a0<strong>Sirkku ja Heimo Tiihonen<\/strong>.<\/p>\n<ul>\n<li>Laup\u00e4eval, juba enne koosolekuid on avatud kohvik, kust on v\u00f5imalus osta soodsalt nii sooja toitu kui ka suupisteid.<\/li>\n<\/ul>\n<ul>\n<li>Kristliku kirjanduse ja muusika m\u00fc\u00fcgiletid.<\/li>\n<\/ul>\n<p><strong>Lisainfo:<\/strong><\/p>\n<ul>\n<li>Tasuta parkimine Lauluv\u00e4ljaku parklas, sissep\u00e4\u00e4s Oru v\u00e4ravast.<\/li>\n<li>Konverentside algus: Laup\u00e4eval kell 13.00 ja 18.00, p\u00fchap\u00e4eval kell 15.00<\/li>\n<li><a href=\"http:\/\/www.tv7.ee\/2014\/10\/27\/kaes-on-jumala-aeg\/\" target=\"_blank\" rel=\"noopener\">www.tv7.ee\/2014\/10\/27\/kaes-on-jumala-aeg\/<\/a><\/li>\n<\/ul>\n<\/div>\n","protected":false},"excerpt":{"rendered":"<p>Kuup\u00e4ev 08.11.2014 &#8211; 09.11.2014 8-9.11.2014 toimub Tallinna Lauluv\u00e4ljaku Klaassaalis konverents &#8220;Jumala aeg&#8221; K\u00f5nelevad evangelist\u00a0David Herzog\u00a0ja TV7 tegevdirektor\u00a0Martti Ojares. Muusikat teeb\u00a0Jani&#8230;<\/p>\n","protected":false},"featured_media":0,"template":"","event_cat":[],"class_list":["post-4698","events","type-events","status-publish","hentry"],"acf":[],"_links":{"self":[{"href":"https:\/\/www.lauluvaljak.ee\/en\/wp-json\/wp\/v2\/events\/4698","targetHints":{"allow":["GET"]}}],"collection":[{"href":"https:\/\/www.lauluvaljak.ee\/en\/wp-json\/wp\/v2\/events"}],"about":[{"href":"https:\/\/www.lauluvaljak.ee\/en\/wp-json\/wp\/v2\/types\/events"}],"version-history":[{"count":0,"href":"https:\/\/www.lauluvaljak.ee\/en\/wp-json\/wp\/v2\/events\/4698\/revisions"}],"wp:attachment":[{"href":"https:\/\/www.lauluvaljak.ee\/en\/wp-json\/wp\/v2\/media?parent=4698"}],"wp:term":[{"taxonomy":"event_cat","embeddable":true,"href":"https:\/\/www.lauluvaljak.ee\/en\/wp-json\/wp\/v2\/event_cat?post=4698"}],"curies":[{"name":"wp","href":"https:\/\/api.w.org\/{rel}","templated":true}]}}

<div class="shadowblock shadowblock-sm-expand">
<div class="aspect-68"></div>
</div>
<div class="shadowblock">
<div class="ml-col-40 sm-show">
<div class="eventinfo">
<h4 class="eventinfo__title text--bold">Kuupäev</h4>
<p class="eventinfo__paragraph">08.11.2014 &#8211; 09.11.2014</p>
<div class="spacing-20"></div>
</div>
</div>
<div class="spacing-20 sm-show"></div>
<p>8-9.11.2014 toimub Tallinna Lauluväljaku Klaassaalis konverents &#8220;Jumala aeg&#8221;</p>
<p>Kõnelevad evangelist <strong>David Herzog</strong> ja TV7 tegevdirektor <strong>Martti Ojares.</strong><br />
Muusikat teeb <strong>Jani Pellikka Bänd.</strong><br />
Evangeliseerimiskoolitus <strong>Sirkku ja Heimo Tiihonen</strong>.</p>
<ul>
<li>Laupäeval, juba enne koosolekuid on avatud kohvik, kust on võimalus osta soodsalt nii sooja toitu kui ka suupisteid.</li>
</ul>
<ul>
<li>Kristliku kirjanduse ja muusika müügiletid.</li>
</ul>
<p><strong>Lisainfo:</strong></p>
<ul>
<li>Tasuta parkimine Lauluväljaku parklas, sissepääs Oru väravast.</li>
<li>Konverentside algus: Laupäeval kell 13.00 ja 18.00, pühapäeval kell 15.00</li>
<li><a href="http://www.tv7.ee/2014/10/27/kaes-on-jumala-aeg/" target="_blank" rel="noopener">www.tv7.ee/2014/10/27/kaes-on-jumala-aeg/</a></li>
</ul>
</div>

<p>Kuupäev 08.11.2014 &#8211; 09.11.2014 8-9.11.2014 toimub Tallinna Lauluväljaku Klaassaalis konverents &#8220;Jumala aeg&#8221; Kõnelevad evangelist David Herzog ja TV7 tegevdirektor Martti Ojares. Muusikat teeb Jani&#8230;</p>
