{"id":4554,"date":"2025-05-29T12:55:52","date_gmt":"2025-05-29T09:55:52","guid":{"rendered":"https:\/\/www.lauluvaljak.ee\/events\/kooristuudio-ellerhein-65-cd-plaatide-esitluskontsert\/"},"modified":"2025-05-29T12:55:52","modified_gmt":"2025-05-29T09:55:52","slug":"kooristuudio-ellerhein-65-cd-plaatide-esitluskontsert","status":"publish","type":"events","link":"https:\/\/www.lauluvaljak.ee\/en\/events\/kooristuudio-ellerhein-65-cd-plaatide-esitluskontsert\/","title":{"rendered":"Kooristuudio Ellerhein 65 CD- plaatide esitluskontsert"},"content":{"rendered":"<div class=\"shadowblock shadowblock-sm-expand\">\n<div class=\"aspect-68\">\n\t\t\t\t\t<span class=\"aspectcontent bg--align\" style=\"background: url(https:\/\/lauluvaljak.ee\/sites\/default\/files\/styles\/event\/public\/images\/Screen-Shot-2017-03-29-at-14.01.51.png?itok=N75aoUyS)  no-repeat center center\"><\/span>\n\t\t\t\t<\/div>\n<\/p><\/div>\n<div class=\"shadowblock\">\n<div class=\"ml-col-40 sm-show\">\n<div class=\"eventinfo\">\n<h4 class=\"eventinfo__title text--bold\">Kuup\u00e4ev<\/h4>\n<p class=\"eventinfo__paragraph\">09.04.2017<\/p>\n<div class=\"spacing-20\"><\/div>\n<\/p><\/div>\n<\/p><\/div>\n<div class=\"spacing-20 sm-show\"><\/div>\n<\/p>\n<p>9.aprillil toimub Tallinna Lauluv\u00e4ljaku Klaassaalis kooristuudio Ellerheina CD- plaatide esitluskontsert. Esinevad mudilaskoor, lastekoor ja t\u00fctarlastekoor.<\/p>\n<p><strong>Lisainfo:<\/strong><\/p>\n<ul>\n<li>Algus: 17.00<\/li>\n<li>Sissep\u00e4\u00e4s TASUTA<\/li>\n<\/ul><\/div>\n","protected":false},"excerpt":{"rendered":"<p>Kuup\u00e4ev 09.04.2017 9.aprillil toimub Tallinna Lauluv\u00e4ljaku Klaassaalis kooristuudio Ellerheina CD- plaatide esitluskontsert. Esinevad mudilaskoor, lastekoor ja t\u00fctarlastekoor. Lisainfo: Algus: 17.00&#8230;<\/p>\n","protected":false},"featured_media":0,"template":"","event_cat":[],"class_list":["post-4554","events","type-events","status-publish","hentry"],"acf":[],"_links":{"self":[{"href":"https:\/\/www.lauluvaljak.ee\/en\/wp-json\/wp\/v2\/events\/4554","targetHints":{"allow":["GET"]}}],"collection":[{"href":"https:\/\/www.lauluvaljak.ee\/en\/wp-json\/wp\/v2\/events"}],"about":[{"href":"https:\/\/www.lauluvaljak.ee\/en\/wp-json\/wp\/v2\/types\/events"}],"version-history":[{"count":0,"href":"https:\/\/www.lauluvaljak.ee\/en\/wp-json\/wp\/v2\/events\/4554\/revisions"}],"wp:attachment":[{"href":"https:\/\/www.lauluvaljak.ee\/en\/wp-json\/wp\/v2\/media?parent=4554"}],"wp:term":[{"taxonomy":"event_cat","embeddable":true,"href":"https:\/\/www.lauluvaljak.ee\/en\/wp-json\/wp\/v2\/event_cat?post=4554"}],"curies":[{"name":"wp","href":"https:\/\/api.w.org\/{rel}","templated":true}]}}

<div class="shadowblock shadowblock-sm-expand">
<div class="aspect-68">
					<span class="aspectcontent bg--align" style="background: url(https://lauluvaljak.ee/sites/default/files/styles/event/public/images/Screen-Shot-2017-03-29-at-14.01.51.png?itok=N75aoUyS)  no-repeat center center"></span>
				</div>
</p></div>
<div class="shadowblock">
<div class="ml-col-40 sm-show">
<div class="eventinfo">
<h4 class="eventinfo__title text--bold">Kuupäev</h4>
<p class="eventinfo__paragraph">09.04.2017</p>
<div class="spacing-20"></div>
</p></div>
</p></div>
<div class="spacing-20 sm-show"></div>
</p>
<p>9.aprillil toimub Tallinna Lauluväljaku Klaassaalis kooristuudio Ellerheina CD- plaatide esitluskontsert. Esinevad mudilaskoor, lastekoor ja tütarlastekoor.</p>
<p><strong>Lisainfo:</strong></p>
<ul>
<li>Algus: 17.00</li>
<li>Sissepääs TASUTA</li>
</ul></div>

<p>Kuupäev 09.04.2017 9.aprillil toimub Tallinna Lauluväljaku Klaassaalis kooristuudio Ellerheina CD- plaatide esitluskontsert. Esinevad mudilaskoor, lastekoor ja tütarlastekoor. Lisainfo: Algus: 17.00&#8230;</p>
