{"id":4514,"date":"2025-05-29T12:58:07","date_gmt":"2025-05-29T09:58:07","guid":{"rendered":"https:\/\/www.lauluvaljak.ee\/events\/xxvii-laulupidu-minu-arm\/"},"modified":"2025-05-29T12:58:07","modified_gmt":"2025-05-29T09:58:07","slug":"xxvii-laulupidu-minu-arm","status":"publish","type":"events","link":"https:\/\/www.lauluvaljak.ee\/en\/events\/xxvii-laulupidu-minu-arm\/","title":{"rendered":"XXVII laulupidu \u201eMinu arm\u201c"},"content":{"rendered":"<div class=\"shadowblock shadowblock-sm-expand\">\n<div class=\"aspect-68\">\n\t\t\t\t\t<span class=\"aspectcontent bg--align\" style=\"background: url(https:\/\/lauluvaljak.ee\/sites\/default\/files\/styles\/event\/public\/field\/image\/screenshot_2018-12-13_at_10.23.26.png?itok=E4oC0wPq)  no-repeat center center\"><\/span>\n\t\t\t\t<\/div>\n<\/p><\/div>\n<div class=\"shadowblock\">\n<div class=\"ml-col-40 sm-show\">\n<div class=\"eventinfo\">\n<h4 class=\"eventinfo__title text--bold\">Kuup\u00e4ev<\/h4>\n<p class=\"eventinfo__paragraph\">06.07.2019 &#8211; 07.07.2019<\/p>\n<div class=\"spacing-10\"><\/div>\n<div class=\"spacing-15\"><\/div>\n<h4 class=\"eventinfo__title text--bold\">Korraldaja<\/h4>\n<p class=\"eventinfo__paragraph\">Eesti Laulu- ja Tantsupeo SA<\/p>\n<div class=\"spacing-20\"><\/div>\n<\/p><\/div>\n<\/p><\/div>\n<div class=\"spacing-20 sm-show\"><\/div>\n<\/p>\n<ul>\n<li>\n<blockquote>\n<p>&#8220;Nii nagu meile on kallid meie emad ja isad, on meile kallid ka meie isamaa ja emakeel. Eesti laulupidu on s\u00fcndinud armastusest meie maa ja keele vastu. Selle armastuse l\u00e4bi sai maarahvast eesti rahvas ja maast sai Eesti riik. \u00a0P\u00fchitsedes laulupidu p\u00fchitseme me oma emakeelt ja isamaad, et v\u00f5iksime neid p\u00e4randada oma lastele ja kesta igaviku tuultes igavesti.&#8221;<br \/>\n\t\u00a0<\/p>\n<\/blockquote>\n<p>Eesti, minu arm!<br \/>\n\t\u00a0<\/p>\n<p>Peeter Perens<br \/>\n\tXXVII laulupeo \u201cMinu arm\u201d peadirigent<\/p>\n<p>\tAjakava<\/p>\n<\/li>\n<li>\u00a0<\/li>\n<li>Rongk\u00e4ik laup\u00e4eval, 6. juulil kl 13.00 \u2013 18.00<\/li>\n<li>Laulupeo avakontsert \u201e\u00d5petajale\u201c laup\u00e4eval, 6. juulil kl 19.00<\/li>\n<li>Laulupidu p\u00fchap\u00e4eval, 7. juulil kl 14.00<\/li>\n<li>\u00a0<\/li>\n<\/ul>\n<p><a href=\"https:\/\/2019.laulupidu.ee\/laulupidu\/\" target=\"_blank\" rel=\"noopener\">Rohkem infot siit!<\/a><\/p>\n<\/p><\/div>\n","protected":false},"excerpt":{"rendered":"<p>Kuup\u00e4ev 06.07.2019 &#8211; 07.07.2019 Korraldaja Eesti Laulu- ja Tantsupeo SA &#8220;Nii nagu meile on kallid meie emad ja isad, on&#8230;<\/p>\n","protected":false},"featured_media":1988,"template":"","event_cat":[],"class_list":["post-4514","events","type-events","status-publish","has-post-thumbnail","hentry"],"acf":[],"_links":{"self":[{"href":"https:\/\/www.lauluvaljak.ee\/en\/wp-json\/wp\/v2\/events\/4514","targetHints":{"allow":["GET"]}}],"collection":[{"href":"https:\/\/www.lauluvaljak.ee\/en\/wp-json\/wp\/v2\/events"}],"about":[{"href":"https:\/\/www.lauluvaljak.ee\/en\/wp-json\/wp\/v2\/types\/events"}],"version-history":[{"count":0,"href":"https:\/\/www.lauluvaljak.ee\/en\/wp-json\/wp\/v2\/events\/4514\/revisions"}],"wp:featuredmedia":[{"embeddable":true,"href":"https:\/\/www.lauluvaljak.ee\/en\/wp-json\/wp\/v2\/media\/1988"}],"wp:attachment":[{"href":"https:\/\/www.lauluvaljak.ee\/en\/wp-json\/wp\/v2\/media?parent=4514"}],"wp:term":[{"taxonomy":"event_cat","embeddable":true,"href":"https:\/\/www.lauluvaljak.ee\/en\/wp-json\/wp\/v2\/event_cat?post=4514"}],"curies":[{"name":"wp","href":"https:\/\/api.w.org\/{rel}","templated":true}]}}

<div class="shadowblock shadowblock-sm-expand">
<div class="aspect-68">
					<span class="aspectcontent bg--align" style="background: url(https://lauluvaljak.ee/sites/default/files/styles/event/public/field/image/screenshot_2018-12-13_at_10.23.26.png?itok=E4oC0wPq)  no-repeat center center"></span>
				</div>
</p></div>
<div class="shadowblock">
<div class="ml-col-40 sm-show">
<div class="eventinfo">
<h4 class="eventinfo__title text--bold">Kuupäev</h4>
<p class="eventinfo__paragraph">06.07.2019 &#8211; 07.07.2019</p>
<div class="spacing-10"></div>
<div class="spacing-15"></div>
<h4 class="eventinfo__title text--bold">Korraldaja</h4>
<p class="eventinfo__paragraph">Eesti Laulu- ja Tantsupeo SA</p>
<div class="spacing-20"></div>
</p></div>
</p></div>
<div class="spacing-20 sm-show"></div>
</p>
<ul>
<li>
<blockquote>
<p>&#8220;Nii nagu meile on kallid meie emad ja isad, on meile kallid ka meie isamaa ja emakeel. Eesti laulupidu on sündinud armastusest meie maa ja keele vastu. Selle armastuse läbi sai maarahvast eesti rahvas ja maast sai Eesti riik.  Pühitsedes laulupidu pühitseme me oma emakeelt ja isamaad, et võiksime neid pärandada oma lastele ja kesta igaviku tuultes igavesti.&#8221;<br />
	 </p>
</blockquote>
<p>Eesti, minu arm!<br />
	 </p>
<p>Peeter Perens<br />
	XXVII laulupeo “Minu arm” peadirigent</p>
<p>	Ajakava</p>
</li>
<li> </li>
<li>Rongkäik laupäeval, 6. juulil kl 13.00 – 18.00</li>
<li>Laulupeo avakontsert „Õpetajale“ laupäeval, 6. juulil kl 19.00</li>
<li>Laulupidu pühapäeval, 7. juulil kl 14.00</li>
<li> </li>
</ul>
<p><a href="https://2019.laulupidu.ee/laulupidu/" target="_blank" rel="noopener">Rohkem infot siit!</a></p>
</p></div>

<p>Kuupäev 06.07.2019 &#8211; 07.07.2019 Korraldaja Eesti Laulu- ja Tantsupeo SA &#8220;Nii nagu meile on kallid meie emad ja isad, on&#8230;</p>
