{"id":4510,"date":"2025-05-29T12:58:08","date_gmt":"2025-05-29T09:58:08","guid":{"rendered":"https:\/\/www.lauluvaljak.ee\/events\/eesti-meestelaulu-seltsi-poistekoor-kalev-25\/"},"modified":"2025-05-29T12:58:08","modified_gmt":"2025-05-29T09:58:08","slug":"eesti-meestelaulu-seltsi-poistekoor-kalev-25","status":"publish","type":"events","link":"https:\/\/www.lauluvaljak.ee\/en\/events\/eesti-meestelaulu-seltsi-poistekoor-kalev-25\/","title":{"rendered":"Eesti Meestelaulu Seltsi poistekoor &#8211; Kalev 25"},"content":{"rendered":"<div class=\"shadowblock shadowblock-sm-expand\">\n<div class=\"aspect-68\">\n\t\t\t\t\t<span class=\"aspectcontent bg--align\" style=\"background: url(https:\/\/lauluvaljak.ee\/sites\/default\/files\/styles\/event\/public\/field\/image\/kalev25_plakat_a3_naidis2-page-001.jpg?itok=PWA2wQ_B)  no-repeat center center\"><\/span>\n\t\t\t\t<\/div>\n<\/p><\/div>\n<div class=\"shadowblock\">\n<div class=\"ml-col-40 sm-show\">\n<div class=\"eventinfo\">\n<h4 class=\"eventinfo__title text--bold\">Kuup\u00e4ev<\/h4>\n<p class=\"eventinfo__paragraph\">09.06.2019<\/p>\n<div class=\"spacing-20\"><\/div>\n<\/p><\/div>\n<\/p><\/div>\n<div class=\"spacing-20 sm-show\"><\/div>\n<\/p>\n<p>9. juunil toimub Lauluv\u00e4ljaku Klaassaalis EMLS \u00fcle-eestilise poistekoor Kalevi kontsert.<br \/>\nDirigendid Indrek Vijard ja Kuldar Sch\u00fcts.<\/p>\n<ul>\n<li>Kontserdi algus: 15.00<\/li>\n<li>Sissep\u00e4\u00e4s tasuta<\/li>\n<\/ul><\/div>\n","protected":false},"excerpt":{"rendered":"<p>Kuup\u00e4ev 09.06.2019 9. juunil toimub Lauluv\u00e4ljaku Klaassaalis EMLS \u00fcle-eestilise poistekoor Kalevi kontsert. Dirigendid Indrek Vijard ja Kuldar Sch\u00fcts. Kontserdi algus:&#8230;<\/p>\n","protected":false},"featured_media":2004,"template":"","event_cat":[],"class_list":["post-4510","events","type-events","status-publish","has-post-thumbnail","hentry"],"acf":[],"_links":{"self":[{"href":"https:\/\/www.lauluvaljak.ee\/en\/wp-json\/wp\/v2\/events\/4510","targetHints":{"allow":["GET"]}}],"collection":[{"href":"https:\/\/www.lauluvaljak.ee\/en\/wp-json\/wp\/v2\/events"}],"about":[{"href":"https:\/\/www.lauluvaljak.ee\/en\/wp-json\/wp\/v2\/types\/events"}],"version-history":[{"count":0,"href":"https:\/\/www.lauluvaljak.ee\/en\/wp-json\/wp\/v2\/events\/4510\/revisions"}],"wp:featuredmedia":[{"embeddable":true,"href":"https:\/\/www.lauluvaljak.ee\/en\/wp-json\/wp\/v2\/media\/2004"}],"wp:attachment":[{"href":"https:\/\/www.lauluvaljak.ee\/en\/wp-json\/wp\/v2\/media?parent=4510"}],"wp:term":[{"taxonomy":"event_cat","embeddable":true,"href":"https:\/\/www.lauluvaljak.ee\/en\/wp-json\/wp\/v2\/event_cat?post=4510"}],"curies":[{"name":"wp","href":"https:\/\/api.w.org\/{rel}","templated":true}]}}

<div class="shadowblock shadowblock-sm-expand">
<div class="aspect-68">
					<span class="aspectcontent bg--align" style="background: url(https://lauluvaljak.ee/sites/default/files/styles/event/public/field/image/kalev25_plakat_a3_naidis2-page-001.jpg?itok=PWA2wQ_B)  no-repeat center center"></span>
				</div>
</p></div>
<div class="shadowblock">
<div class="ml-col-40 sm-show">
<div class="eventinfo">
<h4 class="eventinfo__title text--bold">Kuupäev</h4>
<p class="eventinfo__paragraph">09.06.2019</p>
<div class="spacing-20"></div>
</p></div>
</p></div>
<div class="spacing-20 sm-show"></div>
</p>
<p>9. juunil toimub Lauluväljaku Klaassaalis EMLS üle-eestilise poistekoor Kalevi kontsert.<br />
Dirigendid Indrek Vijard ja Kuldar Schüts.</p>
<ul>
<li>Kontserdi algus: 15.00</li>
<li>Sissepääs tasuta</li>
</ul></div>

<p>Kuupäev 09.06.2019 9. juunil toimub Lauluväljaku Klaassaalis EMLS üle-eestilise poistekoor Kalevi kontsert. Dirigendid Indrek Vijard ja Kuldar Schüts. Kontserdi algus:&#8230;</p>
