{"id":4492,"date":"2025-05-29T12:58:13","date_gmt":"2025-05-29T09:58:13","guid":{"rendered":"https:\/\/www.lauluvaljak.ee\/events\/rahvusvaheline-t%c3%b5ukassin%c3%a4itus\/"},"modified":"2025-05-29T12:58:13","modified_gmt":"2025-05-29T09:58:13","slug":"rahvusvaheline-t%c3%b5ukassin%c3%a4itus","status":"publish","type":"events","link":"https:\/\/www.lauluvaljak.ee\/en\/events\/rahvusvaheline-t%c3%b5ukassin%c3%a4itus\/","title":{"rendered":"Rahvusvaheline t\u00f5ukassin\u00e4itus"},"content":{"rendered":"<div class=\"shadowblock shadowblock-sm-expand\">\n<div class=\"aspect-68\">\n\t\t\t\t\t<span class=\"aspectcontent bg--align\" style=\"background: url(https:\/\/lauluvaljak.ee\/sites\/default\/files\/styles\/event\/public\/field\/image\/51195305_967072776821844_4362740690224939008_n.jpg?itok=vpSfVSJo)  no-repeat center center\"><\/span>\n\t\t\t\t<\/div>\n<\/p><\/div>\n<div class=\"shadowblock\">\n<div class=\"ml-col-40 sm-show\">\n<div class=\"eventinfo\">\n<h4 class=\"eventinfo__title text--bold\">Kuup\u00e4ev<\/h4>\n<p class=\"eventinfo__paragraph\">09.02.2019 &#8211; 10.02.2019<\/p>\n<div class=\"spacing-20\"><\/div>\n<\/p><\/div>\n<\/p><\/div>\n<div class=\"spacing-20 sm-show\"><\/div>\n<\/p>\n<p>9-10. veebruar toimub Tallinna Lauluv\u00e4ljakul rahvusvaheline t\u00f5ukassin\u00e4itus.<\/p>\n<\/p><\/div>\n","protected":false},"excerpt":{"rendered":"<p>Kuup\u00e4ev 09.02.2019 &#8211; 10.02.2019 9-10. veebruar toimub Tallinna Lauluv\u00e4ljakul rahvusvaheline t\u00f5ukassin\u00e4itus.<\/p>\n","protected":false},"featured_media":2063,"template":"","event_cat":[],"class_list":["post-4492","events","type-events","status-publish","has-post-thumbnail","hentry"],"acf":[],"_links":{"self":[{"href":"https:\/\/www.lauluvaljak.ee\/en\/wp-json\/wp\/v2\/events\/4492","targetHints":{"allow":["GET"]}}],"collection":[{"href":"https:\/\/www.lauluvaljak.ee\/en\/wp-json\/wp\/v2\/events"}],"about":[{"href":"https:\/\/www.lauluvaljak.ee\/en\/wp-json\/wp\/v2\/types\/events"}],"version-history":[{"count":0,"href":"https:\/\/www.lauluvaljak.ee\/en\/wp-json\/wp\/v2\/events\/4492\/revisions"}],"wp:featuredmedia":[{"embeddable":true,"href":"https:\/\/www.lauluvaljak.ee\/en\/wp-json\/wp\/v2\/media\/2063"}],"wp:attachment":[{"href":"https:\/\/www.lauluvaljak.ee\/en\/wp-json\/wp\/v2\/media?parent=4492"}],"wp:term":[{"taxonomy":"event_cat","embeddable":true,"href":"https:\/\/www.lauluvaljak.ee\/en\/wp-json\/wp\/v2\/event_cat?post=4492"}],"curies":[{"name":"wp","href":"https:\/\/api.w.org\/{rel}","templated":true}]}}

Rahvusvaheline tõukassinäitus

<div class="shadowblock shadowblock-sm-expand">
<div class="aspect-68">
					<span class="aspectcontent bg--align" style="background: url(https://lauluvaljak.ee/sites/default/files/styles/event/public/field/image/51195305_967072776821844_4362740690224939008_n.jpg?itok=vpSfVSJo)  no-repeat center center"></span>
				</div>
</p></div>
<div class="shadowblock">
<div class="ml-col-40 sm-show">
<div class="eventinfo">
<h4 class="eventinfo__title text--bold">Kuupäev</h4>
<p class="eventinfo__paragraph">09.02.2019 &#8211; 10.02.2019</p>
<div class="spacing-20"></div>
</p></div>
</p></div>
<div class="spacing-20 sm-show"></div>
</p>
<p>9-10. veebruar toimub Tallinna Lauluväljakul rahvusvaheline tõukassinäitus.</p>
</p></div>

<p>Kuupäev 09.02.2019 &#8211; 10.02.2019 9-10. veebruar toimub Tallinna Lauluväljakul rahvusvaheline tõukassinäitus.</p>
