{"id":4466,"date":"2025-05-29T12:58:23","date_gmt":"2025-05-29T09:58:23","guid":{"rendered":"https:\/\/www.lauluvaljak.ee\/events\/eesti-eakate-festival\/"},"modified":"2025-05-29T12:58:23","modified_gmt":"2025-05-29T09:58:23","slug":"eesti-eakate-festival","status":"publish","type":"events","link":"https:\/\/www.lauluvaljak.ee\/en\/events\/eesti-eakate-festival\/","title":{"rendered":"Eesti Eakate Festival"},"content":{"rendered":"<div class=\"shadowblock shadowblock-sm-expand\">\n<div class=\"aspect-68\">\n\t\t\t\t\t<span class=\"aspectcontent bg--align\" style=\"background: url(https:\/\/lauluvaljak.ee\/sites\/default\/files\/styles\/event\/public\/field\/image\/screenshot_2019-10-07_at_14.59.36.png?itok=WgDgsTZI)  no-repeat center center\"><\/span>\n\t\t\t\t<\/div>\n<\/p><\/div>\n<div class=\"shadowblock\">\n<div class=\"ml-col-40 sm-show\">\n<div class=\"eventinfo\">\n<h4 class=\"eventinfo__title text--bold\">Kuup\u00e4ev<\/h4>\n<p class=\"eventinfo__paragraph\">10.10.2019 &#8211; 10.10.2019<\/p>\n<div class=\"spacing-20\"><\/div>\n<\/p><\/div>\n<\/p><\/div>\n<div class=\"spacing-20 sm-show\"><\/div>\n<\/p>\n<p>Eakate sihtgrupp on oluline Eesti \u00dchiskonnas ja seet\u00f5ttu aktiivgrupp on korraldamas festivali 1 p\u00e4evasena. Projekt on eraalgatus ja korraldatud eraalgatuslikult initsiatiivil.<\/p>\n<p>S\u00fcndmuse programm on mitmek\u00fclgne koos loengute ja muusikaliste vahepaladega.<\/p>\n<p>Leiad siit:\u00a0<a href=\"http:\/\/eestieakad.ee\/programm\" target=\"_blank\" rel=\"noopener\">http:\/\/eestieakad.ee\/programm<\/a><\/p>\n<p>\u00a0<\/p>\n<p>Meie meedia-partner on Maaleht ja Ekspress Grupp.<\/p>\n<p>\u00a0<\/p>\n<p><u>\u00dcrituse kontseptsioon<\/u><\/p>\n<p>Eakatel on v\u00f5imalik tutvuda festivalialal ettev\u00f5tete toodete ning teenuste v\u00e4ljapanekute ja esitlustega.\u00a0<\/p>\n<p>Samuti pakume eakatele muusikalisi esinemisi ja paroodia-teatrit. Esinevad Uku Suvite, Tooma Anni, Pille P\u00fcrg.<\/p>\n<p>\u00a0<\/p>\n<p>SISSEP\u00c4\u00c4S ON TASUTA!<\/p>\n<p>\u00a0<\/p>\n<p>V\u00f5imalikud m\u00fc\u00fcgikohad s\u00fcndmusel:<\/p>\n<p>Palun helista nr 53 425 127.<\/p>\n<p>\u00a0<\/p>\n<p>Kohtumiseni Eakate Festivalil!<\/p>\n<p><a href=\"http:\/\/eestieakad.ee\/et\" target=\"_blank\" rel=\"noopener\">http:\/\/eestieakad.ee\/et<\/a><\/p>\n<p>53 425 127<\/p>\n<\/p><\/div>\n","protected":false},"excerpt":{"rendered":"<p>Kuup\u00e4ev 10.10.2019 &#8211; 10.10.2019 Eakate sihtgrupp on oluline Eesti \u00dchiskonnas ja seet\u00f5ttu aktiivgrupp on korraldamas festivali 1 p\u00e4evasena. Projekt on&#8230;<\/p>\n","protected":false},"featured_media":2164,"template":"","event_cat":[],"class_list":["post-4466","events","type-events","status-publish","has-post-thumbnail","hentry"],"acf":[],"_links":{"self":[{"href":"https:\/\/www.lauluvaljak.ee\/en\/wp-json\/wp\/v2\/events\/4466","targetHints":{"allow":["GET"]}}],"collection":[{"href":"https:\/\/www.lauluvaljak.ee\/en\/wp-json\/wp\/v2\/events"}],"about":[{"href":"https:\/\/www.lauluvaljak.ee\/en\/wp-json\/wp\/v2\/types\/events"}],"version-history":[{"count":0,"href":"https:\/\/www.lauluvaljak.ee\/en\/wp-json\/wp\/v2\/events\/4466\/revisions"}],"wp:featuredmedia":[{"embeddable":true,"href":"https:\/\/www.lauluvaljak.ee\/en\/wp-json\/wp\/v2\/media\/2164"}],"wp:attachment":[{"href":"https:\/\/www.lauluvaljak.ee\/en\/wp-json\/wp\/v2\/media?parent=4466"}],"wp:term":[{"taxonomy":"event_cat","embeddable":true,"href":"https:\/\/www.lauluvaljak.ee\/en\/wp-json\/wp\/v2\/event_cat?post=4466"}],"curies":[{"name":"wp","href":"https:\/\/api.w.org\/{rel}","templated":true}]}}

<div class="shadowblock shadowblock-sm-expand">
<div class="aspect-68">
					<span class="aspectcontent bg--align" style="background: url(https://lauluvaljak.ee/sites/default/files/styles/event/public/field/image/screenshot_2019-10-07_at_14.59.36.png?itok=WgDgsTZI)  no-repeat center center"></span>
				</div>
</p></div>
<div class="shadowblock">
<div class="ml-col-40 sm-show">
<div class="eventinfo">
<h4 class="eventinfo__title text--bold">Kuupäev</h4>
<p class="eventinfo__paragraph">10.10.2019 &#8211; 10.10.2019</p>
<div class="spacing-20"></div>
</p></div>
</p></div>
<div class="spacing-20 sm-show"></div>
</p>
<p>Eakate sihtgrupp on oluline Eesti Ühiskonnas ja seetõttu aktiivgrupp on korraldamas festivali 1 päevasena. Projekt on eraalgatus ja korraldatud eraalgatuslikult initsiatiivil.</p>
<p>Sündmuse programm on mitmekülgne koos loengute ja muusikaliste vahepaladega.</p>
<p>Leiad siit: <a href="http://eestieakad.ee/programm" target="_blank" rel="noopener">http://eestieakad.ee/programm</a></p>
<p> </p>
<p>Meie meedia-partner on Maaleht ja Ekspress Grupp.</p>
<p> </p>
<p><u>Ürituse kontseptsioon</u></p>
<p>Eakatel on võimalik tutvuda festivalialal ettevõtete toodete ning teenuste väljapanekute ja esitlustega. </p>
<p>Samuti pakume eakatele muusikalisi esinemisi ja paroodia-teatrit. Esinevad Uku Suvite, Tooma Anni, Pille Pürg.</p>
<p> </p>
<p>SISSEPÄÄS ON TASUTA!</p>
<p> </p>
<p>Võimalikud müügikohad sündmusel:</p>
<p>Palun helista nr 53 425 127.</p>
<p> </p>
<p>Kohtumiseni Eakate Festivalil!</p>
<p><a href="http://eestieakad.ee/et" target="_blank" rel="noopener">http://eestieakad.ee/et</a></p>
<p>53 425 127</p>
</p></div>

<p>Kuupäev 10.10.2019 &#8211; 10.10.2019 Eakate sihtgrupp on oluline Eesti Ühiskonnas ja seetõttu aktiivgrupp on korraldamas festivali 1 päevasena. Projekt on&#8230;</p>
