{"id":4458,"date":"2025-05-29T12:58:28","date_gmt":"2025-05-29T09:58:28","guid":{"rendered":"https:\/\/www.lauluvaljak.ee\/events\/tallinna-muuseumip%c3%bchap%c3%a4ev-2022\/"},"modified":"2025-05-29T12:58:28","modified_gmt":"2025-05-29T09:58:28","slug":"tallinna-muuseumip%c3%bchap%c3%a4ev-2022","status":"publish","type":"events","link":"https:\/\/www.lauluvaljak.ee\/en\/events\/tallinna-muuseumip%c3%bchap%c3%a4ev-2022\/","title":{"rendered":"Tallinna muuseumip\u00fchap\u00e4ev 2022"},"content":{"rendered":"<div class=\"shadowblock shadowblock-sm-expand\">\n<div class=\"aspect-68\"><\/div>\n<\/div>\n<div class=\"shadowblock\">\n<div class=\"ml-col-40 sm-show\">\n<div class=\"eventinfo\">\n<h4 class=\"eventinfo__title text--bold\">Kuup\u00e4ev<\/h4>\n<p class=\"eventinfo__paragraph\">15.05.2022 &#8211; 15.05.2022<\/p>\n<div class=\"spacing-20\"><\/div>\n<\/div>\n<\/div>\n<div class=\"spacing-20 sm-show\"><\/div>\n<p><strong>Maikuu muuseumip\u00fchap\u00e4ev toimub erandkorras 15. mail.<\/strong><\/p>\n<p>Lauluv\u00e4ljaku K\u00fclastuskeskus, mis asub laulukaare majas sees, ootab uudistama.<\/p>\n<p>T\u00e4psem info meie veebilehel:\u00a0<a href=\"https:\/\/lauluvaljak.ee\/kulastuskeskus\" target=\"_blank\" rel=\"noopener\">https:\/\/lauluvaljak.ee\/kulastuskeskus<\/a><\/p>\n<p><strong>Muuseumip\u00fchap\u00e4ev<\/strong>\u00a0on Tallinna linna algatus, et\u00a0<strong>p\u00f6\u00f6rata enam t\u00e4helepanu<\/strong>\u00a0muuseumite igap\u00e4evasele tegevusele ja linna rikkalikule kultuurielule ning\u00a0<strong>parandada selle k\u00f5ige k\u00e4ttesaadavust<\/strong>\u00a0nii tallinlastele kui Tallinna k\u00fclalistele.<\/p>\n<p><strong>NB! Tasuta p\u00fchap\u00e4evadel on muuseumid tasuta avatud \u00fcksikk\u00fclastajaile,<\/strong>\u00a0giidiga grupik\u00fclastusi sel p\u00e4eval vastu ei v\u00f5eta.<\/p>\n<\/div>\n","protected":false},"excerpt":{"rendered":"<p>Kuup\u00e4ev 15.05.2022 &#8211; 15.05.2022 Maikuu muuseumip\u00fchap\u00e4ev toimub erandkorras 15. mail. Lauluv\u00e4ljaku K\u00fclastuskeskus, mis asub laulukaare majas sees, ootab uudistama. T\u00e4psem&#8230;<\/p>\n","protected":false},"featured_media":2272,"template":"","event_cat":[],"class_list":["post-4458","events","type-events","status-publish","has-post-thumbnail","hentry"],"acf":[],"_links":{"self":[{"href":"https:\/\/www.lauluvaljak.ee\/en\/wp-json\/wp\/v2\/events\/4458","targetHints":{"allow":["GET"]}}],"collection":[{"href":"https:\/\/www.lauluvaljak.ee\/en\/wp-json\/wp\/v2\/events"}],"about":[{"href":"https:\/\/www.lauluvaljak.ee\/en\/wp-json\/wp\/v2\/types\/events"}],"version-history":[{"count":0,"href":"https:\/\/www.lauluvaljak.ee\/en\/wp-json\/wp\/v2\/events\/4458\/revisions"}],"wp:featuredmedia":[{"embeddable":true,"href":"https:\/\/www.lauluvaljak.ee\/en\/wp-json\/wp\/v2\/media\/2272"}],"wp:attachment":[{"href":"https:\/\/www.lauluvaljak.ee\/en\/wp-json\/wp\/v2\/media?parent=4458"}],"wp:term":[{"taxonomy":"event_cat","embeddable":true,"href":"https:\/\/www.lauluvaljak.ee\/en\/wp-json\/wp\/v2\/event_cat?post=4458"}],"curies":[{"name":"wp","href":"https:\/\/api.w.org\/{rel}","templated":true}]}}

Tallinna muuseumipühapäev 2022

<div class="shadowblock shadowblock-sm-expand">
<div class="aspect-68"></div>
</div>
<div class="shadowblock">
<div class="ml-col-40 sm-show">
<div class="eventinfo">
<h4 class="eventinfo__title text--bold">Kuupäev</h4>
<p class="eventinfo__paragraph">15.05.2022 &#8211; 15.05.2022</p>
<div class="spacing-20"></div>
</div>
</div>
<div class="spacing-20 sm-show"></div>
<p><strong>Maikuu muuseumipühapäev toimub erandkorras 15. mail.</strong></p>
<p>Lauluväljaku Külastuskeskus, mis asub laulukaare majas sees, ootab uudistama.</p>
<p>Täpsem info meie veebilehel: <a href="https://lauluvaljak.ee/kulastuskeskus" target="_blank" rel="noopener">https://lauluvaljak.ee/kulastuskeskus</a></p>
<p><strong>Muuseumipühapäev</strong> on Tallinna linna algatus, et <strong>pöörata enam tähelepanu</strong> muuseumite igapäevasele tegevusele ja linna rikkalikule kultuurielule ning <strong>parandada selle kõige kättesaadavust</strong> nii tallinlastele kui Tallinna külalistele.</p>
<p><strong>NB! Tasuta pühapäevadel on muuseumid tasuta avatud üksikkülastajaile,</strong> giidiga grupikülastusi sel päeval vastu ei võeta.</p>
</div>

<p>Kuupäev 15.05.2022 &#8211; 15.05.2022 Maikuu muuseumipühapäev toimub erandkorras 15. mail. Lauluväljaku Külastuskeskus, mis asub laulukaare majas sees, ootab uudistama. Täpsem&#8230;</p>
