{"id":4373,"date":"2025-05-29T12:59:42","date_gmt":"2025-05-29T09:59:42","guid":{"rendered":"https:\/\/www.lauluvaljak.ee\/events\/laulutaati-meenutades-gustav-ernesaks-115\/"},"modified":"2025-05-29T12:59:42","modified_gmt":"2025-05-29T09:59:42","slug":"laulutaati-meenutades-gustav-ernesaks-115","status":"publish","type":"events","link":"https:\/\/www.lauluvaljak.ee\/en\/events\/laulutaati-meenutades-gustav-ernesaks-115\/","title":{"rendered":"Laulutaati meenutades &#8211; Gustav Ernesaks 115"},"content":{"rendered":"<div class=\"shadowblock shadowblock-sm-expand\">\n<div class=\"aspect-68\">\n\t\t\t\t\t<span class=\"aspectcontent bg--align\" style=\"background: url(https:\/\/lauluvaljak.ee\/sites\/default\/files\/styles\/event\/public\/field\/image\/838_532_v_g_gustav_ernesaks_115vi37o.png?itok=14ck0x6A)  no-repeat center center\"><\/span>\n\t\t\t\t<\/div>\n<\/p><\/div>\n<div class=\"shadowblock\">\n<div class=\"ml-col-40 sm-show\">\n<div class=\"eventinfo\">\n<h4 class=\"eventinfo__title text--bold\">Kuup\u00e4ev<\/h4>\n<p class=\"eventinfo__paragraph\">19.11.2023 &#8211; 19.11.2023<\/p>\n<div class=\"spacing-10\"><\/div>\n<div class=\"spacing-15\"><\/div>\n<h4 class=\"eventinfo__title text--bold\">Korraldaja<\/h4>\n<p class=\"eventinfo__paragraph\">Eesti Meestelaulu Selts<\/p>\n<div class=\"spacing-20\"><\/div>\n<\/p><\/div>\n<\/p><\/div>\n<div class=\"spacing-20 sm-show\"><\/div>\n<\/p>\n<p>Kooride kontsert Tallinna Lauluv\u00e4ljaku Klaassaalis toimub p\u00fchap\u00e4eval, 19. novembril kell 16.00.<br \/>\n\u00a0<br \/>\n<strong>Esinevad<\/strong><br \/>\nLehtse Kammerkoor: dirigendid Tiiu Tikkerber ja Jaanus V\u00e4ljaots<br \/>\nSegakoor Cantus: dirigendid Martin Trudnikov ja Andres Heinapuu<br \/>\nT\u00fcrnpu Meeskoor: dirigendid Ene Kangron ja T\u00f5nu Kangron<br \/>\n\u00a0<br \/>\nSissep\u00e4\u00e4s Tallinna Lauluv\u00e4ljaku B fuajeest.<br \/>\n\u00a0<br \/>\n\u00dcritus on <strong>tasuta.<\/strong><br \/>\n\u00a0<br \/>\nKorraldaja:\u00a0Eesti Meestelaulu Selts<\/p>\n<\/p><\/div>\n","protected":false},"excerpt":{"rendered":"<p>Kuup\u00e4ev 19.11.2023 &#8211; 19.11.2023 Korraldaja Eesti Meestelaulu Selts Kooride kontsert Tallinna Lauluv\u00e4ljaku Klaassaalis toimub p\u00fchap\u00e4eval, 19. novembril kell 16.00. \u00a0&#8230;<\/p>\n","protected":false},"featured_media":2456,"template":"","event_cat":[],"class_list":["post-4373","events","type-events","status-publish","has-post-thumbnail","hentry"],"acf":[],"_links":{"self":[{"href":"https:\/\/www.lauluvaljak.ee\/en\/wp-json\/wp\/v2\/events\/4373","targetHints":{"allow":["GET"]}}],"collection":[{"href":"https:\/\/www.lauluvaljak.ee\/en\/wp-json\/wp\/v2\/events"}],"about":[{"href":"https:\/\/www.lauluvaljak.ee\/en\/wp-json\/wp\/v2\/types\/events"}],"version-history":[{"count":0,"href":"https:\/\/www.lauluvaljak.ee\/en\/wp-json\/wp\/v2\/events\/4373\/revisions"}],"wp:featuredmedia":[{"embeddable":true,"href":"https:\/\/www.lauluvaljak.ee\/en\/wp-json\/wp\/v2\/media\/2456"}],"wp:attachment":[{"href":"https:\/\/www.lauluvaljak.ee\/en\/wp-json\/wp\/v2\/media?parent=4373"}],"wp:term":[{"taxonomy":"event_cat","embeddable":true,"href":"https:\/\/www.lauluvaljak.ee\/en\/wp-json\/wp\/v2\/event_cat?post=4373"}],"curies":[{"name":"wp","href":"https:\/\/api.w.org\/{rel}","templated":true}]}}

<div class="shadowblock shadowblock-sm-expand">
<div class="aspect-68">
					<span class="aspectcontent bg--align" style="background: url(https://lauluvaljak.ee/sites/default/files/styles/event/public/field/image/838_532_v_g_gustav_ernesaks_115vi37o.png?itok=14ck0x6A)  no-repeat center center"></span>
				</div>
</p></div>
<div class="shadowblock">
<div class="ml-col-40 sm-show">
<div class="eventinfo">
<h4 class="eventinfo__title text--bold">Kuupäev</h4>
<p class="eventinfo__paragraph">19.11.2023 &#8211; 19.11.2023</p>
<div class="spacing-10"></div>
<div class="spacing-15"></div>
<h4 class="eventinfo__title text--bold">Korraldaja</h4>
<p class="eventinfo__paragraph">Eesti Meestelaulu Selts</p>
<div class="spacing-20"></div>
</p></div>
</p></div>
<div class="spacing-20 sm-show"></div>
</p>
<p>Kooride kontsert Tallinna Lauluväljaku Klaassaalis toimub pühapäeval, 19. novembril kell 16.00.<br />
 <br />
<strong>Esinevad</strong><br />
Lehtse Kammerkoor: dirigendid Tiiu Tikkerber ja Jaanus Väljaots<br />
Segakoor Cantus: dirigendid Martin Trudnikov ja Andres Heinapuu<br />
Türnpu Meeskoor: dirigendid Ene Kangron ja Tõnu Kangron<br />
 <br />
Sissepääs Tallinna Lauluväljaku B fuajeest.<br />
 <br />
Üritus on <strong>tasuta.</strong><br />
 <br />
Korraldaja: Eesti Meestelaulu Selts</p>
</p></div>

<p>Kuupäev 19.11.2023 &#8211; 19.11.2023 Korraldaja Eesti Meestelaulu Selts Kooride kontsert Tallinna Lauluväljaku Klaassaalis toimub pühapäeval, 19. novembril kell 16.00.  &#8230;</p>
